14*t**2 + 21*t - 3. Give l(5).
2
Let j(w) = -3*w**2 - 6*w - 2. What is j(-2)?
-2
Let l(k) = -k**2 - 11*k - 24. What is l(-9)?
-6
Let d(o) = 76*o + 234. Give d(-3).
6
Let g(u) = 38*u - 46. Calculate g(0).
-46
Let w(s) = 4*s**2 - 10*s + 12. Give w(1).
6
Let m(t) = -4*t + 18. What is m(6)?
-6
Let x(i) = -i**2 - 8*i + 4. Give x(-8).
4
Let s(c) = 2*c**3 - 23*c**2 + 10*c - 3. What is s(11)?
-14
Let o(p) = -p**3 + 16*p**2 - 4*p + 15. Give o(16).
-49
Let v(o) = o + 1. Determine v(-2).
-1
Let j(l) = l**2 + 14*l + 51. What is j(-9)?
6
Let l(d) = -d**3 - 6*d**2 - d - 51. Determine l(-7).
5
Let l(i) = 2*i - 4. Give l(-3).
-10
Let v(t) = -3*t + 4. Determine v(-6).
22
Let l(k) = k**3 - 7*k**2 + 6*k + 10. Calculate l(6).
10
Let g(h) = h**2 - 2*h - 25. What is g(5)?
-10
Let j(y) = -7*y + 361. What is j(46)?
39
Let q(g) = g**3 - 6*g**2 - 9. What is q(6)?
-9
Let k(w) = -w**2 + 6*w - 1. Give k(5).
4
Let k(y) = y**2 - 4*y + 6. What is k(8)?
38
Let l(a) = -8*a - 16. Calculate l(5).
-56
Let u(s) = 3*s - 37. Determine u(18).
17
Let v(a) = 18*a**2 + 3*a + 1. What is v(-2)?
67
Let u(q) = 4*q - 7. Give u(-5).
-27
Let p(y) = -2*y**2 - 3*y + 11. Determine p(-4).
-9
Let x(u) = -u**3 + 27*u**2 - 24*u - 55. Determine x(26).
-3
Let h(g) = -2*g**2 - 4*g + 6. Calculate h(-4).
-10
Let t(g) = -g**3 + 2*g. Calculate t(3).
-21
Let z(a) = -a**3 + 11*a**2 + 15*a - 14. What is z(12)?
22
Let h(z) = -z**3 - z**2 + 4. Determine h(2).
-8
Let r(s) = s**3 + 6*s**2 + 3*s + 6. What is r(-5)?
16
Let k(c) = c + 3. Calculate k(-2).
1
Let q(c) = c**2 - 15*c - 23. What is q(17)?
11
Let d(n) = -n + 39. Give d(17).
22
Let l(f) = 8*f - 4. Determine l(2).
12
Let d(h) = -h + 7. Determine d(-2).
9
Let k(m) = -m**3 + 12*m**2 + 21*m - 125. Give k(13).
-21
Let o(j) = -j**3 - 2*j**2 + 13*j + 18. Give o(-4).
-2
Let p(h) = -h**3 + 9*h**2 - 7*h - 11. Give p(8).
-3
Let s(z) = z**2 + 11*z - 2. Give s(-10).
-12
Let i(s) = s**2 + 6*s - 12. Give i(-8).
4
Let x(a) = -a**2 - 2*a + 2. What is x(-4)?
-6
Let o(x) = -5*x - 5. What is o(-2)?
5
Let q(d) = d**2 + 2. What is q(3)?
11
Let f(g) = -8*g + 2. Give f(2).
-14
Let r(o) = -2*o**2 + 13*o. Determine r(7).
-7
Let z(x) = 4*x + 5. What is z(-3)?
-7
Let y(i) = -i**2 - 13*i - 36. What is y(-7)?
6
Let q(m) = -2*m**2 - 18*m - 10. Give q(-8).
6
Let z(h) = h + 22. Give z(-3).
19
Let g(x) = -5*x - 11. Calculate g(-3).
4
Let d(v) = v**2 - 24*v + 57. Determine d(3).
-6
Let b(f) = f**3 + 24*f**2 + 57*f - 7. Give b(-3).
11
Let k(l) = 5*l**3 + l**2 - l - 6. Give k(-2).
-40
Let z(l) = 41*l + 296. Give z(-7).
9
Let j(d) = -d**2 - 18*d - 11. What is j(-17)?
6
Let o(p) = 2*p - 17. Determine o(0).
-17
Let m(d) = d**2 - 19*d + 71. Determine m(6).
-7
Let i(b) = -4*b - 1. Give i(4).
-17
Let g(i) = -2*i**2 + 4. Determine g(-3).
-14
Let h(a) = a**2 + 12*a - 5. Determine h(-12).
-5
Let i(j) = -j + 9. Calculate i(-4).
13
Let l(j) = -j - 31. What is l(0)?
-31
Let h(n) = n**2 - 7*n + 11. Give h(4).
-1
Let l(x) = -3*x**2 - 15*x + 2. Determine l(-5).
2
Let s(f) = -f**2 + 29*f + 61. What is s(30)?
31
Let j(l) = -l**2 + 11*l - 9. What is j(10)?
1
Let v(h) = -2*h**2 - 12*h - 4. Give v(-5).
6
Let u(r) = -r**2 + 4*r + 4. Give u(4).
4
Let o(q) = 16*q - 94. Calculate o(6).
2
Let t(o) = 3*o**3 + 7*o**2 + 3*o - 6. What is t(-2)?
-8
Let s(h) = -6*h**2 + 4*h + 13. Calculate s(-2).
-19
Let s(q) = q**3 - 3*q**2 - 13*q + 1. Give s(6).
31
Let s(d) = -7*d. Calculate s(1).
-7
Let v(s) = -s**2 - 384*s - 1892. Give v(-5).
3
Let m(i) = -i**3 - 8*i**2 - 17*i - 44. Give m(-7).
26
Let b(q) = -q**2 + 9*q - 11. What is b(6)?
7
Let m(t) = 24*t + 117. What is m(-5)?
-3
Let h(j) = -3*j**2 + 41*j - 31. Determine h(13).
-5
Let o(k) = -k**3 + 4*k**2 + 7*k + 11. Give o(6).
-19
Let a(j) = j**3 - 5*j**2 - 8*j - 1. Calculate a(6).
-13
Let z(j) = 2*j + 6. Give z(-9).
-12
Let y(r) = -2*r**2 + 139*r - 73. Give y(69).
-4
Let k(a) = -8*a + 55. What is k(3)?
31
Let a(t) = -t**3 + 27*t**2 - 2*t + 51. Give a(27).
-3
Let z(g) = -17*g - 12. Determine z(-5).
73
Let l(d) = -2*d - 6. Calculate l(3).
-12
Let s(a) = a**3 - 20*a**2 - 22*a + 21. Calculate s(21).
0
Let i(n) = -n**2 + n + 10. What is i(3)?
4
Let x(s) = 4*s + 1. Give x(-2).
-7
Let c(s) = s**3 + 9*s**2 - 11*s - 3. Calculate c(-10).
7
Let w(c) = 2*c**3 - 8*c**2 - c + 24. Give w(3).
3
Let t(o) = -o + 39. What is t(0)?
39
Let y(p) = p - 9. Calculate y(10).
1
Let a(k) = -4*k + 29. Give a(9).
-7
Let b(a) = -a**2 + 5*a - 6. Give b(4).
-2
Let t(h) = 2*h**3 + 4*h**2 + 2*h - 2. Determine t(-2).
-6
Let x(r) = 48*r - 309. What is x(6)?
-21
Let w(y) = -78*y - 390. What is w(-5)?
0
Let q(n) = -n - 1. Calculate q(4).
-5
Let c(v) = v**3 - 8*v**2 - 6*v - 23. Calculate c(9).
4
Let c(w) = -12*w - 33. Determine c(-4).
15
Let t(g) = 2*g**3 + 7*g**2 + g + 5. Calculate t(-5).
-75
Let i(t) = t**2 - 19*t - 20. Give i(20).
0
Let y(w) = -w + 3. Determine y(13).
-10
Let s(k) = -2*k. Determine s(0).
0
Let f(i) = -i**2 - 13*i - 60. Calculate f(-5).
-20
Let m(q) = 7*q - 3. What is m(14)?
95
Let a(y) = y**3 - 19*y**2 + 93*y - 17. What is a(10)?
13
Let z(o) = 36*o**3 + o**2 - 2. Calculate z(1).
35
Let g(i) = i**3 + 21*i**2 - i + 4. Give g(-21).
25
Let q(y) = 5*y**3 + 2*y**2 - 5*y + 4. What is q(2)?
42
Let p(o) = o**2 - 17*o + 15. Give p(14).
-27
Let f(t) = -t**2 + 79. What is f(0)?
79
Let n(x) = -x**3 + 13*x**2 + 13*x + 6. Calculate n(14).
-8
Let j(y) = -y**3 - 6*y**2 - 3*y - 15. What is j(-4)?
-35
Let l(t) = -t**2 + 19*t - 38. What is l(17)?
-4
Let l(u) = u**2 - 14*u - 20. Determine l(15).
-5
Let n(v) = -12*v - 9. Give n(-3).
27
Let x(w) = -4*w + 13. Calculate x(-7).
41
Let j(t) = -t**3 + 5*t**2 + 21*t + 3. Calculate j(8).
-21
Let v(k) = -3*k**2 - 11*k + 23. What is v(-5)?
3
Let o(c) = 2*c - 3. What is o(4)?
5
Let r(m) = -15*m + 127. Determine r(8).
7
Let j(p) = -p**3 - 4*p**2 - p - 4. Determine j(0).
-4
Let u(s) = s**3 - s**2 - s + 1. Determine u(-3).
-32
Let q(d) = 8*d - 1. Determine q(-1).
-9
Let d(r) = 9*r + 55. Calculate d(-17).
-98
Let a(t) = -31*t + 1369. Determine a(44).
5
Let d(l) = 2*l**2 + 61*l + 242. Give d(-26).
8
Let m(i) = 11*i + 156. Calculate m(-15).
-9
Let x(g) = -5*g + 28. Determine x(11).
-27
Let u(p) = -p**2 + 4*p + 1. Calculate u(8).
-31
Let n(t) = 2*t**3 + 22*t**2 - 24*t - 263. Determine n(-11).
1
Let u(w) = -w**3 + 8*w**2 - 11*w - 5. What is u(6)?
1
Let h(w) = w**3 - 13*w**2 + 16*w - 5. Give h(12).
43
Let q(o) = -o**3 + o**2 - 23. Give q(0).
-23
Let u(q) = q - 106. Give u(24).
-82
Let a(r) = r**3 + 10*r**2 + 5*r + 12. Determine a(-10).
-38
Let x(r) = r**2 + 21*r - 8. Give x(-21).
-8
Let v(d) = 13*d - 11. Determine v(5).
54
Let f(o) = -o**2 + 11*o + 8. Determine f(11).
8
Let a(t) = -15*t - 2. Give a(-1).
13
Let n(a) = a + 13. What is n(-4)?
9
Let h(c) = c + 3. What is h(2)?
5
Let a(r) = -r**3 - 15*r**2 + 3*r + 16. What is a(-15)?
-29
Let j(g) = -2*g**3 - 7*g**2 - 3*g - 1. What is j(-5)?
89
Let f(o) = -o**3 - 4*o**2 + 4*o - 1. Calculate f(-6).
47
Let u(o) = -35*o - 1. Determine u(1).
-36
Let n(b) = -b**2 - 5*b + 11. Give n(-9).
-25
Let j(i) = -i**3 - 3*i**2 + 3*i - 6. Calculate j(-5).
29
Let m(y) = -y**2 - 22*y - 48. Determine m(-20).
-8
Let f(h) = 3*h**2 + 9*h - 13. Determine f(-4).
-1
Let u(p) = -p**3 + 10*p**2 + 4*p + 14. Give u(11).
-63
Let h(p) = -2*p**2 + 15*p + 6. Determine h(7).
13
Let o(u) = u**3 + 10*u**2 + 9*u. Calculate o(-9).
0
Let a(o) = 2*o + 24. Calculate a(-12).
0
Let q(r) = -2*r**3 + 3*r**2 - 6. Calculate q(2).
-10
Let a(u) = 2*u**3 - 16*u**2 - 2*u + 14. What is a(8)?
-2
Let j(h) = 3*h**2 - 2*h + 7. Calculate j(-3).
40
Let y(c) = -c - 3. Determine y(-4).
1
Let q(y) = -14*y + 612. Calculate q(42).
24
Let d(t) = -t**3 - 8*t**2 + t + 5. Calculate d(-8).
-3
Let p(i) = 2*i + 12. Calculate p(-9).
-6
Let q(n) = n**2 + 15*n + 50. What is q(-9)?
-4
Let z(o) = o**2 - 11*o - 10. What is z(14)?
32
Let q(l) = 4*l - 2. Calculate q(-5).
-22
Let d(w) = -w**3 - 13*w**2 - 13*w - 16. Give d(-12).
-4
Let d(l) = -l**3 + 5*l**2 + 3. What is d(5)?
3
Let m(p) = -p + 22. Determine m(16).
6
Let p(n) = -n**3 + 17*n**2 - 16*n + 15. What is p(16)?
15
Let a(d) = -4*d. Calculate a(-1).
4
Let k(j) = j**3 + 7*j**2 + 5*j + 15. What is k(-7)?
-20
Let d(s) = 2*s**3 + 10*s**2 - 2*s + 12. Determine d(-6).
-48
Let d(u) = u**3 - 5*u**2 - 23*u + 2. What is d(8)?
10
Let u(s) = -18*s**2. Calculate u(-1).
-18
Let r(